1705698 prime?
False
Is 26475287 composite?
False
Is 964497269 composite?
True
Is 64080701 prime?
False
Is 4566057 a composite number?
True
Is 357410591 prime?
False
Is 304259561 a prime number?
False
Is 252357643 prime?
False
Is 5107481 prime?
True
Is 229449929 a prime number?
False
Is 1656889 a prime number?
False
Is 3083683 composite?
False
Is 122423 composite?
True
Is 12197 composite?
False
Is 38229701 prime?
True
Is 6910237 a composite number?
False
Is 8100237 a composite number?
True
Is 1681759 prime?
False
Is 20769523 a prime number?
False
Is 13732078 a prime number?
False
Is 4064741 prime?
True
Is 107773849 prime?
True
Is 84668839 a composite number?
True
Is 39741263 composite?
True
Is 15102107 a prime number?
True
Is 963773771 a prime number?
False
Is 1560233 composite?
True
Is 9533369 prime?
True
Is 3286471 a composite number?
False
Is 1817231 composite?
True
Is 32061 a prime number?
False
Is 101405179 a composite number?
True
Is 19711535 a prime number?
False
Is 3192637 a composite number?
True
Is 61831951 a composite number?
False
Is 399611005 a prime number?
False
Is 12530447 composite?
True
Is 52007723 a composite number?
False
Is 543815203 a composite number?
False
Is 106096259 prime?
True
Is 10909417 composite?
False
Is 549186223 composite?
False
Is 4838459 a prime number?
False
Is 16172203 composite?
False
Is 41232167 a composite number?
False
Is 12164353 composite?
False
Is 35344691 a prime number?
True
Is 2392617 a prime number?
False
Is 1864361 a prime number?
True
Is 102636703 composite?
True
Is 619967 composite?
False
Is 58374671 composite?
True
Is 30571987 prime?
True
Is 2991353 prime?
True
Is 79240463 a prime number?
True
Is 45300643 a prime number?
False
Is 624763 prime?
True
Is 6693413 a composite number?
False
Is 22537013 a composite number?
False
Is 1801339 a composite number?
False
Is 951749 a prime number?
True
Is 1003610109 a prime number?
False
Is 11949494 a prime number?
False
Is 16891031 composite?
False
Is 454877 composite?
True
Is 515069 a prime number?
False
Is 367111 a composite number?
True
Is 74383979 prime?
True
Is 33710129 a prime number?
True
Is 1005526243 a prime number?
True
Is 4178453 a composite number?
False
Is 34367779 prime?
False
Is 936823 a composite number?
True
Is 37223611 composite?
False
Is 835127 a prime number?
False
Is 628013 a composite number?
False
Is 2524169 a prime number?
False
Is 370361 prime?
False
Is 211039 a prime number?
True
Is 197442341 a prime number?
True
Is 91694849 a composite number?
False
Is 128959 a composite number?
False
Is 9127663 a composite number?
True
Is 7026121 a prime number?
True
Is 281053 prime?
True
Is 942473 prime?
False
Is 43401583 composite?
True
Is 2856307 prime?
False
Is 48367301 prime?
True
Is 1016987 prime?
False
Is 226041653 a prime number?
False
Is 7627799 composite?
False
Is 3082229 a composite number?
True
Is 14072405 prime?
False
Is 4882667 prime?
True
Is 16386961 prime?
False
Is 7495963 composite?
True
Is 4257029 a prime number?
False
Is 31379129 a composite number?
False
Is 70008271 a composite number?
True
Is 246227 prime?
False
Is 532061 composite?
False
Is 53167091 a composite number?
False
Is 8553926 a composite number?
True
Is 1282937 prime?
False
Is 5195669 a prime number?
False
Is 58836733 a composite number?
False
Is 186343 prime?
True
Is 1036199 prime?
False
Is 78397787 a prime number?
False
Is 51285743 prime?
False
Is 55399 a prime number?
True
Is 4432591 a prime number?
True
Is 21091019 composite?
True
Is 59258531 composite?
True
Is 54567029 prime?
False
Is 334121483 composite?
True
Is 130047289 composite?
True
Is 216294203 prime?
False
Is 408383 a prime number?
False
Is 3063913 composite?
False
Is 387743 prime?
True
Is 88495903 prime?
True
Is 3287261 prime?
True
Is 8235647 composite?
True
Is 319703 composite?
True
Is 41009599 prime?
False
Is 39416101 a composite number?
True
Is 730243 prime?
False
Is 5849269 composite?
False
Is 120873341 a prime number?
False
Is 45751049 a prime number?
True
Is 326831 a prime number?
True
Is 11233393 prime?
False
Is 79381882 a prime number?
False
Is 76092641 a composite number?
False
Is 104349643 a prime number?
False
Is 8204473 composite?
False
Is 288571853 composite?
False
Is 10025519 prime?
False
Is 216460181 a composite number?
True
Is 96948821 composite?
False
Is 30114849 a composite number?
True
Is 1000424434 a composite number?
True
Is 90199199 a prime number?
False
Is 81544163 a prime number?
True
Is 23463647 prime?
True
Is 9840091 composite?
False
Is 192257749 prime?
False
Is 132100126 a composite number?
True
Is 4354547 a composite number?
False
Is 2050073 prime?
False
Is 86490551 composite?
True
Is 7346986 a prime number?
False
Is 6097933 a composite number?
True
Is 223151 prime?
True
Is 1967129 prime?
True
Is 1096267 prime?
True
Is 82625203 a prime number?
True
Is 101674517 composite?
True
Is 186323873 a composite number?
False
Is 10443943 a composite number?
False
Is 15052127 composite?
True
Is 5556041 a prime number?
False
Is 52594567 composite?
True
Is 12773327 a prime number?
False
Is 142701287 a prime number?
False
Is 6099123 a composite number?
True
Is 129439069 prime?
True
Is 218937685 a prime number?
False
Is 577759027 a composite number?
False
Is 107754727 composite?
False
Is 3318841 composite?
False
Is 459794 composite?
True
Is 105501329 composite?
True
Is 4431761 a composite number?
True
Is 4404355 prime?
False
Is 80557 a composite number?
False
Is 3788903 a prime number?
True
Is 278466119 prime?
True
Is 64709 composite?
False
Is 5074969 a composite number?
True
Is 12584983 prime?
True
Is 9496549 composite?
True
Is 379235599 a composite number?
False
Is 32870897 a composite number?
True
Is 4897639 a composite number?
False
Is 14147335 a prime number?
False
Is 36657811 a prime number?
False
Is 125961263 a composite number?
False
Is 2288441 a prime number?
True
Is 12739745 prime?
False
Is 2636267 a prime number?
False
Is 562447 prime?
False
Is 4465735 a prime number?
False
Is 5354429 a composite number?
False
Is 79767797 prime?
True
Is 3074867 a composite number?
False
Is 15073081 composite?
True
Is 618329401 composite?
True
Is 18997229 composite?
False
Is 1805694257 composite?
False
Is 2948893 a prime number?
False
Is 36677 a prime number?
True
Is 14382073 a composite number?
False
Is 80706341 a composite number?
True
Is 147677221 a prime number?
False
Is 1194881 a prime number?
False
Is 5849023 a prime number?
True
Is 406727171 composite?
True
Is 1545259 a composite number?
False
Is 160232899 composite?
False
Is 2971663 prime?
True
Is 1225247 a prime number?
False
Is 28792139 a prime number?
True
Is 129540143 prime?
True
Is 45405363 prime?
False
Is 1021644658 composite?
True
Is 37326529 a composite number?
False
Is 2822471 a composite number?
True
Is 1021211 prime?
False
Is 142271 a prime number?
True
Is 7909366 a composite number?
True
Is 60461033 prime?
True
Is 562231 a composite number?
False
Is 384694 a prime number?
False
Is 2059073 a prime number?
False
Is 23846011 prime?
False
Is 16995739 a composite number?
False
Is 93796277 a composite number?
True
Is 87442 prime?
False
Is 417685 composite?
True
Is 3947501 prime?
True
Is 34982197 prime?
False
Is 8821049 a prime number?
True
Is 1121401531 a composite number?
False
Is 11410331 a composite number?
True
Is 15021407 a composite number?
False
Is 123747289 a composite number?
True
Is 7069099 a prime number?
True
Is 71513419 composite?
True
Is 148522667 prime?
True
Is 25632631 a prime number?
True
Is 13406797 prime?
False
Is 12476647 a composite number?
False
Is 6645967 composite?
True
Is 2746763 a prime number?
False
Is 6309931 prime?
True
Is 24055111 prime?
False
Is 154718405 composite?
True
Is 715013 composite?
True
Is 3927527 a prime number?
False
Is 765979 composite?
True
Is 33016667 a prime number?
False
Is 1879253 a prime number?
True
Is 152374051 prime?
True
Is 36687613 a prime number?
False
Is 53720893 a composite number?
True
Is 1216417 a composite number?
False
Is 6658285 a prime number?
False
Is 44567979 prime?
False
Is 37756531 a prime number?
False
Is 10547077 a prime number?
False
Is 453451 a composite number?
False
Is 301408579 a composite number?
True
Is 2529407 prime?
False
Is 102939677 a composite 